{"id":6,"date":"2014-03-27T16:49:08","date_gmt":"2014-03-27T14:49:08","guid":{"rendered":"http:\/\/www.hundefreunde.at\/?page_id=6"},"modified":"2020-10-12T19:32:57","modified_gmt":"2020-10-12T17:32:57","slug":"impressum","status":"publish","type":"page","link":"http:\/\/www.hundefreunde.at\/?page_id=6","title":{"rendered":"Impressum"},"content":{"rendered":"<div>\n<p>Verantwortlich f\u00fcr den Inhalt :<\/p>\n<p><strong>Verein der Hundefreunde<\/strong><\/p>\n<p>ZVR-Zahl 408166258<br \/>\nKirchensteig 2<br \/>\n2011 Oberhautzental<\/p>\n<p>&nbsp;<\/p>\n<p>Kontaktformular bitte\u00a0\u2192 <a href=\"https:\/\/www.hundefreunde.at\/?page_id=15\">klicken<\/a>.<strong><br \/>\n<\/strong><\/p>\n<p><strong>Verweise und Links \u2013 \u00d6sterreichisches Bundesgesetz, (E-Commerce-Gesetz \u2013 ECG) \u2013 Auszug<\/strong><br \/>\n<strong> Ausschluss der Verantwortlichkeit bei Links<\/strong><\/p>\n<p>&nbsp;<\/p>\n<p>\u00a7 17. (1) Ein Diensteanbieter, der mittels eines elektronischen Verweises einen Zugang zu fremden Informationen er\u00f6ffnet, ist f\u00fcr diese Informationen nicht verantwortlich,<\/p>\n<p>.) sofern er von einer rechtswidrigen T\u00e4tigkeit oder Information keine tats\u00e4chliche Kenntnis hat und sich in Bezug auf Schadenersatzanspr\u00fcche auch keiner Tatsachen oder Umst\u00e4nde bewusst ist, aus denen eine rechtswidrige T\u00e4tigkeit oder Information offensichtlich wird, oder,<br \/>\n.) sobald er diese Kenntnis oder dieses Bewusstsein erlangt hat, unverz\u00fcglich t\u00e4tig wird, um den elektronischen Verweis zu entfernen.<\/p>\n<p>(2) Abs. 1 ist nicht anzuwenden, wenn die Person, von der die Informationen stammen, dem Diensteanbieter untersteht oder von ihm beaufsichtigt wird oder der Diensteanbieter die fremden Informationen als seine eigenen darstellt.<\/p>\n<\/div>\n","protected":false},"excerpt":{"rendered":"<p>Verantwortlich f\u00fcr den Inhalt : Verein der Hundefreunde ZVR-Zahl 408166258 Kirchensteig 2 2011 Oberhautzental &nbsp; Kontaktformular bitte\u00a0\u2192 klicken. Verweise und Links \u2013 \u00d6sterreichisches Bundesgesetz, (E-Commerce-Gesetz \u2013 ECG) \u2013 Auszug Ausschluss der Verantwortlichkeit bei Links &nbsp; \u00a7 17. (1) Ein Diensteanbieter, &hellip; <a class=\"more-link\" href=\"http:\/\/www.hundefreunde.at\/?page_id=6\">[CLICK TO READ MORE]<\/a><\/p>\n","protected":false},"author":1,"featured_media":0,"parent":0,"menu_order":10,"comment_status":"closed","ping_status":"closed","template":"","meta":{"footnotes":""},"class_list":["post-6","page","type-page","status-publish","hentry"],"_links":{"self":[{"href":"http:\/\/www.hundefreunde.at\/index.php?rest_route=\/wp\/v2\/pages\/6","targetHints":{"allow":["GET"]}}],"collection":[{"href":"http:\/\/www.hundefreunde.at\/index.php?rest_route=\/wp\/v2\/pages"}],"about":[{"href":"http:\/\/www.hundefreunde.at\/index.php?rest_route=\/wp\/v2\/types\/page"}],"author":[{"embeddable":true,"href":"http:\/\/www.hundefreunde.at\/index.php?rest_route=\/wp\/v2\/users\/1"}],"replies":[{"embeddable":true,"href":"http:\/\/www.hundefreunde.at\/index.php?rest_route=%2Fwp%2Fv2%2Fcomments&post=6"}],"version-history":[{"count":7,"href":"http:\/\/www.hundefreunde.at\/index.php?rest_route=\/wp\/v2\/pages\/6\/revisions"}],"predecessor-version":[{"id":413,"href":"http:\/\/www.hundefreunde.at\/index.php?rest_route=\/wp\/v2\/pages\/6\/revisions\/413"}],"wp:attachment":[{"href":"http:\/\/www.hundefreunde.at\/index.php?rest_route=%2Fwp%2Fv2%2Fmedia&parent=6"}],"curies":[{"name":"wp","href":"https:\/\/api.w.org\/{rel}","templated":true}]}}